(u) = -1 - 4*u**3 + 0 + 2*u**2 - 2*u**m. Calculate b(-1).
7
Let n(v) = 2*v + 6*v + 3*v + v**2 + 9 + 16. Let d be n(-8). Let i(x) = -x**3 + 2*x**2 - 2*x + 1. What is i(d)?
0
Let o(b) = b**2 - 4*b - 5. Let a(z) = -z + 21. Let w(f) = f**3 + 7*f**2 + 7*f. Let d be w(-5). Let y be a(d). Calculate o(y).
7
Let g(h) = -17*h**2 - 15*h + 2. Let t(d) = -9*d**2 - 8*d + 1. Let v(s) = -6*g(s) + 11*t(s). Let n be v(1). Let a(i) = i - 2. What is a(n)?
2
Let t(p) be the third derivative of p**4/4 - p**2 - 39. Determine t(1).
6
Let k(v) = -18*v + 23*v + 1 - 3*v**2 + 4*v**2. Let f be (-1)/(3/(-57)*1). Suppose 5*u = -1 - f. Give k(u).
-3
Suppose 2*j = 4*r - 18, -2*j + r - 3 = -0*j. Let q(p) = 0 + 3 - p**2 + j. Give q(-4).
-12
Let a(p) = p**2 + 7*p + 12. Let r(z) = z**2 + 6*z + 14. Let k(x) = 4*a(x) - 3*r(x). Determine k(-8).
-10
Let w(d) = -d - 1. Let u(k) = -31*k**2 + k + 1. Let h be u(-1). Let p = -17 - h. Let y = -9 + p. Determine w(y).
-6
Let m(g) = -g**2 + 8*g + 7. Let o be 17/(-2)*-2 + (-1)/(-1). Let z be 9 - (-6)/o*0. What is m(z)?
-2
Let z be 2/(-3) - (-124)/(-12). Let x = 14 + z. Let h(j) = 0*j + x - 4 - 5*j. Give h(-1).
4
Let a(b) = 2*b**2 - 28*b - 28. Let s be a(15). Let v(o) be the second derivative of 0 - 1/6*o**3 - 1/2*o**s - 8*o. What is v(7)?
-8
Let s(c) be the second derivative of c**4/12 - 4*c**3/3 - 3*c**2 - c. Let z be s(9). Let h(j) = -j**3 - 1 - z + 3. Give h(-2).
7
Let j(s) = -s**3 + 96 + 3*s**2 - 98 + 2*s**3. Let d(y) = 2*y - 2. Let w be d(3). Let v = 2 - w. Give j(v).
2
Let t be (-3 + 21)*5/10. Suppose -4*n - t = -n. Let m(a) = 3*a + 2. Calculate m(n).
-7
Let a = 101 + -110. Let t(b) = -b**3 - 8*b**2 + 5*b - 1. Calculate t(a).
35
Suppose -16*s - 42185 + 42313 = 0. Let v(h) = 3*h**2 + 10*h + 1. Let f(z) = -z**2 - 1. Let t(n) = 4*f(n) + v(n). Give t(s).
13
Let a(s) be the third derivative of 0*s + 0 + 1/6*s**3 + 5/24*s**4 - 1/60*s**5 - 3*s**2. Determine a(6).
-5
Let x(t) = -t**3 - 6*t**2 - 7*t - 5. Let z(j) = -j**2 - 5*j - 1. Let w be z(-6). Let m = -11 - w. Calculate x(m).
-9
Let w(g) be the third derivative of -g**4/24 - 13*g**3/6 + 7*g**2 + 13. Suppose 2*m = 4*c + 8 + 48, 4*m - 40 = 2*c. Determine w(c).
-1
Let m be (25/(-30) - (-46)/12)*1. Let g(s) = -4*s - 6 + 6*s + 4*s - 4*s**2. Let h(w) = -7*w**2 + 12*w - 12. Let x(b) = m*h(b) - 5*g(b). Calculate x(4).
2
Let d(u) = u**2 - 3*u - 6. Suppose 232 = 26*z + 24. What is d(z)?
34
Let o(q) be the first derivative of q**2/2 - 2*q + 7. Suppose 0 = -5*g + 5*u + 35, 3*g - 5*u + 0*u - 27 = 0. What is o(g)?
2
Let h = 1142 + -1132. Let x(w) = w**3 - 9*w**2 - 9*w - 8. Give x(h).
2
Let h(v) be the first derivative of v**3/3 - 5*v**2/2 + v + 2. Let z(n) = -4*n - 11. Let m be z(-4). Suppose -m*g + 0 + 35 = 0. Give h(g).
15
Let x(k) = 3*k**2 + 22*k + 26. Let d(m) = 296*m**2 + 22*m - 294*m**2 - 7*m + 17. Let i(p) = 8*d(p) - 5*x(p). What is i(-4)?
-18
Let z(n) = n**3 - 2*n**2 - 3*n + 7. Let t be z(2). Let d(k) = 7*k**3 - k**2 + 2*k - 1. What is d(t)?
7
Let y(p) = -p - 1. Suppose -5*u + 10*u - 25 = 0. Suppose 0*x - x = r, u*r - 6 = -2*x. Determine y(r).
-3
Suppose -5*j - 5*w - 5 = 0, 3*j - 5*w = -0*j - 35. Let p(f) = -f**2 - 3*f - 3. Determine p(j).
-13
Let c(i) = -i**2 + 98 - 197 + 101 + 5*i. What is c(6)?
-4
Let l(t) = -9*t**2 - t**2 + 88 + 3*t - 89. Give l(1).
-8
Let p be 4*-3 - (4 + -5). Let c(i) = i + 8. Calculate c(p).
-3
Let k = 23 + -21. Let d = k + 1. Let o(t) = -6*t**2 - t**3 - 4*t - 2 + 3*t**d + 3 - 3*t**3. What is o(-4)?
-15
Let z(d) = -d**3 - d**2 + d - 2. Let j(y) = -5*y + 62. Let t be j(12). Suppose 5*c = -t*s - 4, -5*c - 6 = -3*c + 3*s. What is z(c)?
-2
Let x(l) be the third derivative of -l**6/120 + l**5/30 - l**4/12 - l**2 + 98. What is x(1)?
-1
Let q(g) = -g. Let a(d) = -2*d**3 - 2*d**2 - d - 3. Let t(k) = a(k) - 4*q(k). What is t(-3)?
24
Let q(r) = 6*r**3 + r**2. Let n be q(-1). Let u = -23 - -38. Let d(m) = m**3 + 0*m**3 - u + 4*m**2 + 16 - 6*m. Calculate d(n).
6
Let i(f) = -4*f - 28 - 18 + 47. Give i(-6).
25
Let u(p) = -5 + p**2 - 2*p + p + 5*p - 3*p. Determine u(-4).
7
Let p(o) = -1 + o + 2 - 5*o - o**2. Let i(v) = -4*v**3 + 2*v**2 - 3*v + 2. Suppose -4*g = 4*k - 4, 7*k + 2*g - 5 = 2*k. Let u be i(k). Determine p(u).
4
Let k(v) be the first derivative of -1 - 1/2*v**3 + v - 7/2*v**2. Let g(b) be the first derivative of k(b). What is g(-6)?
11
Let s(t) = -t**2 - 10*t - 17. Suppose 33 = -3*x - x - 3*o, -4*x + 5*o = 41. What is s(x)?
-8
Let l(i) = -2*i - 1. Let k(s) = s**3 - 4*s**2 + 5*s - 3. Let h be k(3). Suppose 4*p - y - 3 = 0, -h*y = p - 4*y. What is l(p)?
-3
Let w(y) be the third derivative of y**5/15 + y**3/6 - 288*y**2 - 2. Let p be (-7)/3 + 4/12. Give w(p).
17
Suppose -4*c + 2*c = -102. Let u = 52 - c. Let g(s) = -8*s**3 - 9*s + 8. Let v(t) = 7*t**3 + 8*t - 7. Let o(x) = -6*g(x) - 7*v(x). What is o(u)?
-2
Let x(k) = -5*k**3 - 14*k**2 - 8*k + 7. Let c(s) be the second derivative of s**5/20 + s**4/12 + 16*s. Let u(n) = -4*c(n) - x(n). Give u(-9).
2
Let b(s) = 2*s + 4. Let p be b(-3). Let k be (-7)/p + 2/4. Let a(h) = -4723 + 5*h - 4717 - h**2 + 9434. What is a(k)?
-2
Let w(r) = -r + 3*r + 1 - r**2 - r + 0*r - 5*r. What is w(-2)?
5
Let r(p) = -2*p**2 + 8*p - 4. Suppose 3*u - u + 3 = -3*g, -24 = 4*g - 4*u. Let h = -3 + 4. Let s be h/((g/(-15))/1). Determine r(s).
-14
Let m(n) = 44*n + 265. Let l be m(-6). Let i(s) = -10*s + 3. Calculate i(l).
-7
Let b(r) = r**3 + 2*r**2 - 4*r - 1. Let x(u) = -u**2 - 2*u + 21. Let g be x(-6). Determine b(g).
2
Let b = 1247 - 1248. Let n be (-6)/(-2) + (-5 - -5). Let m(w) = -8*w - 2 + 4 - n. Determine m(b).
7
Let q = 96 - 104. Let b(h) = 3*h + 3. Calculate b(q).
-21
Let k(j) = -6*j**3 + 3*j**2 + 3*j - 4. Let h(r) = 5*r**3 - 2*r**2 - 2*r + 3. Suppose -4*s + 11 = -9. Let z(p) = s*h(p) + 4*k(p). Calculate z(-3).
-16
Let c(m) be the third derivative of m**5/60 - m**4/8 + m**3/6 - 4*m**2. Let d be 20/(2 + -4)*8/(-20). Calculate c(d).
5
Let z(d) = -6*d + 5. Let m be 3/((-6)/1 - (-2 - 3)). Calculate z(m).
23
Let x = -22 - -22. Let a be (-4 - 0 - -7) + x. Let m(v) = 3*v - 4*v - 46 - 8*v**a + 46. Calculate m(-1).
9
Suppose 0 = -13*j - 21*j - 340. Let k(b) = -5*b + 13. Let m(z) = -4*z + 12. Let r(g) = -5*k(g) + 6*m(g). What is r(j)?
-3
Let k(p) = -p**3 + 11*p**2 + 13*p + 2. Let j(z) = 5*z + 52. Let g be j(-8). Give k(g).
14
Let o(q) = q**3 - 14*q**2 + 2*q - 13. Let m be o(14). Let f(s) = 0 + 4 - 10*s + m*s - 7. Calculate f(4).
17
Let g = -3 + 5. Let x(f) = 4*f**3 + 3*f**2 - 4. Let r(c) = c**3 + c**2 - 2. Let y(n) = -3*r(n) + x(n). What is y(g)?
10
Let a(r) = 10*r**3 + 8*r**2 + 3*r - 3. Let i(g) = 27*g**3 + 23*g**2 + 8*g - 8. Let f(k) = -8*a(k) + 3*i(k). Determine f(-5).
0
Let u = -27 - -55/2. Let q(w) be the second derivative of -8*w + 0 + 4/3*w**3 + u*w**2. Determine q(-1).
-7
Let f(y) be the second derivative of -y**4/4 - y**3/6 + 2*y**2 - 122*y. Give f(3).
-26
Let n(b) = -10*b - 9. Let r(s) = -27*s - 25. Let o(h) = -11*n(h) + 4*r(h). Suppose -3*u + 17 = 38. Determine o(u).
-15
Let w(t) be the first derivative of 25*t**4/4 - t**2/2 + 43. Give w(1).
24
Let f(l) = -1 - 171*l + 172*l + 3. What is f(4)?
6
Let g(v) be the second derivative of 1/12*v**4 - 1/2*v**3 - 1/120*v**5 + 0 + 0*v**2 - 6*v. Let p(o) be the second derivative of g(o). What is p(2)?
0
Let g(l) = 11*l + l**2 + 5*l + 7 - 2*l**2 - 10*l. Calculate g(8).
-9
Let c(p) = 6 - p + 0*p + 0. Let b be (-6)/(-6)*(-35)/(-7). Calculate c(b).
1
Suppose -5*s - 5*f + 220 = 0, -s + 35 + 0 = 4*f. Let z = s + -53. Let g(t) = -t**2 - 2*t - 2. Let d(k) = -k + 1. Let x(h) = 3*d(h) + g(h). What is x(z)?
-5
Let t(k) = -k**3 + k**2 + k - 5. Suppose -3*l - 12 = -3*g, -4*g = -l - 2 - 2. What is t(g)?
-5
Let w(n) = n**2 - 2*n - 1. Let t be ((-9)/6)/(-2 + 75/42). Suppose 11*j = t*j + 16. Determine w(j).
7
Let n be -18 + (25/(-5) - -9). Let x(d) = d + 5. Give x(n).
-9
Let o(i) = -13*i + 16. Let j(t) = -3*t + 4. Let u(h) = -9*j(h) + 2*o(h). Let f be u(7). Let g(q) = 2*q - 3. Determine g(f).
3
Suppose 2 = -6*s + 7*s. Let r = s - -3. Suppose 2*t = t + r, 9 = 4*p + 5*t. Let d(g) = 3*g + 5. Determine d(p).
-7
Let j(y) = -y**2 + 9*y + 6. Suppose 45 = 5*k + w, -15*w = -17*w. Calculate j(k).
6
Let i(v) = 6*v + 8. Let h = 102 - 116. Let f be ((-12)/h)/(6/((-336)/8)). What is i(f)?
-28
Let r(s) be the first derivative of -s**3/3 - 3*